a prime number?
False
Is 58857593 composite?
False
Is 528257123 a prime number?
False
Is 123782781787 composite?
True
Is 45403461391 a composite number?
False
Is 266582673607 a composite number?
False
Is 11495670787 a composite number?
False
Is 1204778023 a composite number?
False
Is 4161890387 composite?
False
Is 1224098273 composite?
False
Is 234782759 prime?
True
Is 27030783079 composite?
True
Is 373519397 prime?
False
Is 801953683 a prime number?
True
Is 3709512437 a composite number?
False
Is 7340862953 a composite number?
True
Is 81541242857 a composite number?
True
Is 19207427771 a prime number?
False
Is 7519164949 prime?
True
Is 1044178181 a composite number?
False
Is 1534914023 a prime number?
False
Is 30749819587 a composite number?
True
Is 5865807917 prime?
False
Is 23239977559 a prime number?
True
Is 312344609 prime?
False
Is 3132640153 prime?
True
Is 9108451243 a prime number?
False
Is 26911830623 a prime number?
True
Is 351442279 a composite number?
False
Is 1734850717 composite?
False
Is 26212508809 composite?
False
Is 6545635531 a prime number?
False
Is 941965637 a composite number?
False
Is 880461097 composite?
False
Is 32810758411 a prime number?
True
Is 2861655847 prime?
True
Is 2316642233 a prime number?
False
Is 49145635199 a composite number?
False
Is 2012213987 prime?
False
Is 260184623 composite?
True
Is 13006387439 a composite number?
False
Is 24627175051 prime?
True
Is 66790901 composite?
True
Is 19730927309 a prime number?
True
Is 230042669 a prime number?
False
Is 167350114 a composite number?
True
Is 394238987 prime?
True
Is 2406653399 composite?
True
Is 3027971 a composite number?
False
Is 231420883 prime?
False
Is 97644691 a prime number?
True
Is 10015673999 composite?
True
Is 431918891 a composite number?
False
Is 15308073577 a composite number?
True
Is 2750371583 composite?
False
Is 1771582963 prime?
False
Is 9444389183 a prime number?
False
Is 1270400532389 a composite number?
False
Is 425751527 prime?
False
Is 1526360513 prime?
True
Is 3720585901 composite?
True
Is 53828257843 prime?
True
Is 1969449529 composite?
True
Is 34415405369 a prime number?
True
Is 130171001 a prime number?
False
Is 4466388217 prime?
True
Is 158611073 a prime number?
True
Is 533553707 a composite number?
True
Is 16369448549 a composite number?
False
Is 10272038057 prime?
False
Is 3627097 prime?
True
Is 17848397747 a composite number?
False
Is 3051064397 composite?
False
Is 221446991 a composite number?
False
Is 721938669 composite?
True
Is 2565709651 composite?
False
Is 2295364277 a prime number?
False
Is 50973836885 a prime number?
False
Is 9120410015 composite?
True
Is 10409665961 composite?
False
Is 848408111 prime?
False
Is 5018618393 a composite number?
True
Is 9082867907 a prime number?
False
Is 65913407 a prime number?
False
Is 36152060561 prime?
True
Is 16525165907 composite?
True
Is 18658860967 composite?
False
Is 4349869399 a composite number?
False
Is 12264234851 a composite number?
True
Is 1649169721 composite?
True
Is 348563581 composite?
False
Is 91505390063 composite?
False
Is 278074169 prime?
False
Is 636751103 a prime number?
True
Is 3667001999 a composite number?
False
Is 4066664831 a prime number?
True
Is 23706296951 a composite number?
True
Is 8603311111 prime?
False
Is 6224159801 a composite number?
False
Is 37168672111 composite?
True
Is 279591757 a composite number?
True
Is 15038975309 composite?
False
Is 2097308714 a prime number?
False
Is 13718770297 prime?
True
Is 72683059353 a prime number?
False
Is 10363609673 a composite number?
False
Is 35522437651 prime?
False
Is 2909267057 a prime number?
True
Is 2502900919 prime?
True
Is 4721021497 composite?
False
Is 31010698181 a prime number?
False
Is 19110701221 a composite number?
True
Is 2464688623 a prime number?
True
Is 2254877797 composite?
False
Is 4594001039 a composite number?
False
Is 344187403 composite?
True
Is 59531646677 composite?
False
Is 74674165801 a composite number?
True
Is 1497403627 a composite number?
False
Is 59059937 a prime number?
True
Is 1252179407 a prime number?
True
Is 3287144221 a composite number?
False
Is 40564084411 a prime number?
False
Is 75041303093 a composite number?
False
Is 108574581493 a prime number?
False
Is 2289049109 a composite number?
False
Is 2502436571 a composite number?
False
Is 175459133 a composite number?
False
Is 4579115309 prime?
True
Is 274587409 composite?
True
Is 590925047 prime?
False
Is 20381112749 a composite number?
False
Is 5067565409 a composite number?
True
Is 2043090949 a composite number?
True
Is 33052035747 a prime number?
False
Is 111181438817 prime?
False
Is 632122357 a composite number?
False
Is 12254834651 a prime number?
True
Is 408380023 a prime number?
True
Is 10217503119 a prime number?
False
Is 4729565317 a prime number?
True
Is 62218097 composite?
True
Is 7579775719 a prime number?
True
Is 125756017 a prime number?
True
Is 2598578569 composite?
True
Is 171525337 prime?
True
Is 65521308667 a composite number?
True
Is 418589423485 a composite number?
True
Is 13050431911 a composite number?
True
Is 3297449851 a composite number?
False
Is 5754879965 prime?
False
Is 10688944471 prime?
False
Is 824530919 a composite number?
False
Is 1843189793 composite?
True
Is 7518700879 a prime number?
True
Is 154551139181 prime?
False
Is 793812055 composite?
True
Is 125085655 a composite number?
True
Is 199655119 composite?
True
Is 8335038133 prime?
False
Is 2442071405 a composite number?
True
Is 5791235533 prime?
False
Is 61301319367 prime?
False
Is 27158401 a prime number?
False
Is 2793488939 composite?
True
Is 50272313137 a composite number?
True
Is 61744439 a composite number?
True
Is 7839895681 composite?
False
Is 191692223 composite?
False
Is 7268294669 composite?
True
Is 511284607 prime?
True
Is 717226739 a composite number?
False
Is 12004336537 prime?
True
Is 2751939431 a composite number?
False
Is 6771065309 composite?
True
Is 1891113019 a composite number?
True
Is 289683514147 composite?
False
Is 5518301234 a prime number?
False
Is 88125141959 prime?
True
Is 182096783021 composite?
False
Is 42444239 a prime number?
False
Is 31224255221 a composite number?
False
Is 3243452833 prime?
True
Is 2651120035 prime?
False
Is 116311913 a composite number?
False
Is 67542644231 a prime number?
True
Is 1995601547 composite?
False
Is 26712420503 a prime number?
True
Is 2045026961 prime?
True
Is 17696800207 a composite number?
False
Is 76568989031 a prime number?
True
Is 57156631457 a prime number?
True
Is 331781683 a prime number?
True
Is 120287072197 a prime number?
False
Is 752359957 a composite number?
True
Is 7147025827 a composite number?
False
Is 119373481 composite?
True
Is 21367225573 prime?
True
Is 1112336755 a composite number?
True
Is 631968773 prime?
False
Is 818004277 composite?
True
Is 1588184359 a composite number?
False
Is 1876720479 prime?
False
Is 26361070367 composite?
True
Is 146462093 a prime number?
False
Is 66757073 prime?
False
Is 27234382939 a prime number?
True
Is 1800257647 composite?
False
Is 143935208211 prime?
False
Is 17490244449 composite?
True
Is 5336644793 a composite number?
True
Is 34693135241 composite?
False
Is 662631889 prime?
False
Is 936165589 composite?
True
Is 4786533499 prime?
False
Is 22611769 prime?
False
Is 6626930305 composite?
True
Is 5374527311 composite?
True
Is 1872244613 prime?
True
Is 7692660221 composite?
False
Is 2740950023 prime?
False
Is 16281862009 a composite number?
True
Is 18182953 composite?
True
Is 12127181861 prime?
True
Is 169779587 a composite number?
True
Is 1181730689 a prime number?
False
Is 2923003913 composite?
False
Is 9893914829 composite?
False
Is 132122671787 composite?
True
Is 81773977 composite?
True
Is 683183989 composite?
False
Is 2728694461 a composite number?
True
Is 120845501 prime?
False
Is 6842647349 composite?
False
Is 39290429147 a composite number?
False
Is 1292348606 a prime number?
False
Is 2022167677 prime?
True
Is 14871508493 a composite number?
True
Is 4328662673 prime?
True
Is 21983814487 a prime number?
True
Is 23334576569 a prime number?
True
Is 43523169601 a composite number?
True
Is 846450169 a composite number?
False
Is 8452812721 prime?
True
Is 128090210379 a composite number?
True
Is 3180653227 composite?